ppose 0 = x + 4, -3*p + h = -4*x. What is the tens digit of p?
3
Let t = -24540 + 39225. What is the tens digit of t?
8
Let r(m) = 2756*m - 2986. What is the hundreds digit of r(3)?
2
Let x be (1 + -160)*(88/24 - 3). Let b be ((-178)/(-26) - 1) + x/(-689). Suppose b*k + 80 = 14*k. What is the tens digit of k?
1
Let p(q) = q**2 + q - 59. Let d be p(0). Let y = d + 63. Suppose -y*m - 61 + 497 = 0. What is the units digit of m?
9
Let i(w) = -69*w - 2. Let n be i(-3). Let y = -117 + n. Suppose -3*f + 3*g + 139 = -11, g - y = -2*f. What is the tens digit of f?
4
Let k(n) = -n**2 + 4*n + 1. Let t(z) = -z**2 + 6*z + 2. Let u(p) = -5*k(p) + 2*t(p). What is the units digit of u(-4)?
9
Suppose -s = 3*s + 5*h + 492, 0 = -4*s - 4*h - 496. Let y = 309 - s. What is the tens digit of y?
3
Let k(u) = -2*u**3 - 11*u**2 - 11*u - 101. Let b be k(-6). Let g = 0 - 8. What is the tens digit of (b - 636/g)*2?
6
Let g(f) = f**3 - 15*f**2 + 7*f - 4. Let y be (3/6*2)/((-7)/(-133)). Suppose 0 = 6*s - 71 - y. What is the units digit of g(s)?
1
Let o be (-4 - 102/(-27)) + 704/9. Suppose -22*k + 30*k - 688 = 0. What is the tens digit of o/13*k/6?
8
What is the hundreds digit of (4011/(-9) - (9 - 3))*-15?
7
Let j(h) = 2*h**2 - 8*h - 16. Let v be j(6). Suppose 2*y - 185 = -c, 0 = 3*c - 4*y + v*y - 555. What is the tens digit of c?
8
Suppose -10*v = -5*v + 3835. Let a = -546 - v. What is the tens digit of a?
2
Suppose 17*h + 172081 = 30*h. What is the ten thousands digit of h?
1
Let i be 2/(-9) - (-572)/(-99). Let z be ((-3)/i)/(4/32). Let n = 22 - z. What is the units digit of n?
8
Let x(q) be the second derivative of 19*q**5/20 - q**4/6 + 5*q**3/2 - 13*q. Let p be x(4). Suppose -166 = 11*v - p. What is the tens digit of v?
9
Let h = 131 + -92. Suppose 24 = -31*v - 17*v - 72. What is the hundreds digit of (-1483)/(-7) - (v - h/(-21))?
2
Suppose -3*r + 2*r - 79 = -3*m, -m - r = -21. Suppose -5*d + 275 = m. What is the units digit of d + 3 + (0 - 4)?
9
Let n be (-269 + -6 + 2)/(-1). Let q be (-2)/16*-2 + 33/12. Suppose 60 = -q*f + n. What is the units digit of f?
1
Let r(w) be the third derivative of w**5/60 - 17*w**4/12 + 2*w**3 - 7*w**2 - 7. What is the hundreds digit of r(39)?
2
Let r = -5657 + 9094. Suppose w - r = -6*w. What is the units digit of w?
1
Suppose 12*w = 3*g + 17*w + 142, 2*g = -w - 83. What is the tens digit of 13290/26 + 6/g?
1
Suppose -41234 + 2132 = -7*d. What is the units digit of d?
6
Let d(b) = -2*b**2 + 4*b. Let k be d(3). What is the units digit of ((-20)/k)/(7/1365)?
0
Let x be (-1)/(-4) - (-6)/(-24). Suppose 3*g - v = -x*v, 0 = -5*v. What is the hundreds digit of (-59 + g)*2*(0 + -1)?
1
Let a = 2283 + 1441. What is the thousands digit of a?
3
Let u(q) = 9*q**2 + 23*q + 16. Let o be u(-6). Suppose 0 = n - 3, -4*v + 3*n + 0*n = -943. Suppose v*s + o = 240*s. What is the hundreds digit of s?
1
Suppose -3*f - 2*v = -1191, -5*v = 3*f - 1843 + 652. Suppose -f = -3*a + 1385. What is the units digit of a?
4
Suppose -13*h + 4 = -22. What is the units digit of ((1 - h)*217)/(-6 + 5)?
7
Suppose -2*u = 4*z - 338, 3*u - 27 - 60 = -z. Let x = z + -81. What is the units digit of -6*((-7)/6 + x/18)?
6
Let l(y) = 3705*y - 346. What is the ten thousands digit of l(6)?
2
Let o(l) = 2*l - 3. Let x be o(3). Suppose 2 = -2*j, 2*s - x*s + 3 = 2*j. Suppose -2*d + 56 = -4*g, 5 = s*g + 20. What is the units digit of d?
2
Suppose 4*n - 3*j - 1512 = 0, 0 = -3*n - 12*j + 13*j + 1129. Let m = 718 - n. What is the units digit of m?
3
Suppose 4*v - 5746 - 2564 = -2*k, -3*v = -3*k - 6246. What is the thousands digit of v?
2
Let l = -14 + 34. Let i = 12 + l. What is the tens digit of (1170/104)/(6/i)?
6
What is the hundreds digit of (1206179/39)/41*12?
0
Suppose -130*q + 201747 = -1434693. What is the ten thousands digit of q?
1
Let o = -261 + 279. Suppose 11383 - 4255 = o*b. What is the hundreds digit of b?
3
Let m be ((-51)/(-2))/((-9)/1464). Let g = -2768 - m. What is the hundreds digit of g?
3
Let v(m) = -266*m - 94. What is the hundreds digit of v(-22)?
7
Suppose d - 12 = -6*o, 2*o - o + 5*d = 2. Let l(q) = -9 - 3*q + 21*q + 15*q. What is the units digit of l(o)?
7
Let k = -2922 + 7802. What is the hundreds digit of k?
8
Let p(s) = s**3 + 14*s**2 - 13*s - 3. Let w be p(-15). Let y = 33 + w. Suppose y = 12*c - 4*c - 1000. What is the units digit of c?
5
Suppose 4*r + 5*l - 54563 = 61, 0 = 4*r + 12*l - 54624. What is the ten thousands digit of r?
1
Suppose -14 = -10*w - 348 - 1556. Let p = -69 + 130. Let c = p - w. What is the hundreds digit of c?
2
Suppose -48*o - 28*o - 59*o = -5489370. What is the thousands digit of o?
0
Let g(y) = -2399*y + 30. What is the hundreds digit of g(-3)?
2
Let j = -1624 + 5055. What is the tens digit of j?
3
Let v be (3/((-3)/(-25)))/(1/3). Let y = 74 - v. What is the units digit of (y*255/20)/((-3)/16)?
8
Let d(b) = 1. Let c(l) = -69*l + 4. Let p be 3 + 4*1/4. Let w(o) = p*d(o) - c(o). What is the hundreds digit of w(3)?
2
Suppose 24 = 5*g - 2*g. What is the units digit of 8292/42 + 6*g/84?
8
Let t = 159 - 17. Suppose 5*w - 133 = t. Suppose 2*d = -0*a + a - w, 2*a + d - 110 = 0. What is the tens digit of a?
5
Let n(h) = h**3 - 25*h**2 - 67*h - 64. What is the tens digit of n(34)?
6
Suppose 0 = -80*q + 75*q + 15. Suppose -i + 224 = -q*w, 8*w - 3*w = 25. What is the hundreds digit of i?
2
Suppose -4 = -4*b, 5*b = 5*h - 103648 + 22248. What is the thousands digit of h?
6
Suppose 49421 + 20578 = 15*k - 50166. What is the units digit of k?
1
Let l(u) = -u**2 + u - 1. Let f(q) = 3*q**2 - 7*q + 14. Let c(h) = f(h) + 6*l(h). Let b be c(2). What is the units digit of b/(-36) - (-635)/6?
6
Suppose 22*p + 121430 = 30*p - 64906. What is the tens digit of p?
9
Let j be 12/(-126) - (1 - 11272/168). Let v(s) = 3*s - 4. Let i be v(3). Suppose -i*h - 2*b + 181 = 0, 2*h - b + 5*b = j. What is the units digit of h?
7
Suppose -16*h + 36 = -20*h. What is the units digit of (h/(-18))/(4/2912)?
4
Let q be (-5)/((-5)/(-4)) + 608/76. Let p(o) be the third derivative of o**6/120 - o**5/20 + 5*o**4/24 - 2*o**3/3 + o**2. What is the tens digit of p(q)?
3
Let n be 4829 + (1 - (-5 + 3)). Let j = n - 3149. What is the units digit of j?
3
Let x = 255 - 267. What is the tens digit of 3 + 0 + 1174 + 2 + x?
6
Let h be ((-50)/225)/(2/(-18)). What is the tens digit of (1296 + -2)*(4 - 7/h)?
4
Let g(b) = -10*b - 4. Let p = -227 + 221. What is the units digit of g(p)?
6
Let l(s) = -s**2 - 5*s - 4. Let d be l(-3). Suppose 0 = 3*m - 5*h, d*m + 3*m - 2*h = 0. Suppose m = -18*y + 21*y - 105. What is the units digit of y?
5
Suppose -2004*r = -1990*r - 172536. What is the tens digit of r?
2
Let l = -145 - -203. Suppose 27*f - 46 = 143. What is the tens digit of f/(1 - -1 - 114/l)?
0
Let q be 2/13 + (-384)/(-208). Suppose 0 = q*p - 5*f + 478, 2*p - 3*p - 221 = 2*f. Let x = p - -429. What is the units digit of x?
0
Suppose 0 = f - 4*j + 15, -f = -2*f + 3*j - 10. Suppose -f*o - 586 = -3*w + 498, 0 = 3*w + o - 1072. What is the units digit of w?
8
Let j be (-4 + 762)/(10/5). Let p = 23 + j. What is the hundreds digit of p?
4
Suppose 3544605 + 2159156 = 149*c + 531077. What is the hundreds digit of c?
7
Let r be (-4)/((60/18)/(-5)). What is the tens digit of (-7368)/(-32) + r/8?
3
Let n(j) = -41*j + 8. Let m be n(-2). Let r = m + -90. Suppose r = a + u - 122, -5*u + 53 = -2*a + 311. What is the tens digit of a?
2
Let s = 13650 - 11765. What is the units digit of s?
5
Let i be (-207)/(-6)*(-6)/9. Let t(v) = v**2 + 8*v - 53. What is the units digit of t(i)?
2
Let t = -3582 + 7645. What is the units digit of t?
3
Suppose -37*x - 238026 = -810342. What is the hundreds digit of x?
4
Let f = -46 + 73. What is the tens digit of (f/5)/(66/20 - 3)?
1
Let x(q) = 5*q + 20. Let l be x(-4). Suppose 14*h - 4088 = -l*h. What is the units digit of h?
2
Let x be (-3)/(12/62)*(2 - 0). Let d = x - -52. Let t(n) = n**3 - 23*n**2 + 46*n + 11. What is the units digit of t(d)?
5
Let c be 5/105*-9 + (-3422)/(-14). Suppose -7*l = -1254 - c. What is the units digit of l?
4
Let i(u) = u - 7. Let p be (-6)/(4 - (-11)/(-2)). Let d be i(p). What is the tens digit of (2 + 19/d)*-3?
1
Suppose -2 = 2*n + 3*l - 17, -3*n = 4*l - 24. Let c = 22 - n. Suppose 8*m = c*m - 74. What is the tens digit of m?
3
Let f be 20/((4 + -2)/1)